reatest common divisor of 204237 and 1980.
99
What is the greatest common divisor of 9 and 30501?
9
What is the greatest common factor of 904 and 35708?
452
What is the greatest common divisor of 149633 and 187?
11
Calculate the highest common factor of 334981 and 7312.
457
Calculate the greatest common factor of 873 and 144.
9
What is the greatest common divisor of 4319 and 1196980?
617
Calculate the highest common divisor of 18804 and 1356.
12
Calculate the greatest common divisor of 25 and 161.
1
Calculate the highest common divisor of 63843 and 39.
39
What is the greatest common divisor of 26 and 183872?
26
What is the greatest common divisor of 20928 and 7521?
327
What is the greatest common factor of 138 and 329774?
46
Calculate the highest common factor of 21 and 41160.
21
What is the greatest common factor of 1503 and 639?
9
Calculate the highest common factor of 236 and 18340268.
236
Calculate the greatest common divisor of 53314 and 4978.
38
Calculate the greatest common factor of 9386 and 15808.
494
What is the greatest common factor of 833 and 4403?
119
Calculate the highest common factor of 40698 and 1887.
51
Calculate the greatest common factor of 6834 and 561.
51
What is the greatest common divisor of 1728 and 93?
3
What is the greatest common factor of 200 and 79175?
25
Calculate the greatest common divisor of 597215 and 310.
155
Calculate the greatest common factor of 24 and 921.
3
What is the greatest common factor of 1327005 and 111?
111
What is the greatest common factor of 40 and 2440?
40
What is the highest common factor of 14100 and 10900?
100
Calculate the greatest common factor of 109871 and 1124.
281
What is the greatest common divisor of 30772 and 112?
28
Calculate the highest common factor of 36 and 219468.
12
What is the greatest common divisor of 355 and 52824?
71
Calculate the highest common divisor of 122934 and 35.
7
Calculate the highest common divisor of 281998 and 1448.
362
What is the greatest common divisor of 58305 and 117?
39
What is the highest common divisor of 22743 and 2583?
63
Calculate the highest common divisor of 17879 and 10849.
19
What is the highest common divisor of 148000 and 1125?
125
What is the highest common divisor of 14840 and 446320?
280
What is the highest common factor of 1182 and 219261?
591
What is the greatest common divisor of 1602 and 48186?
18
Calculate the highest common factor of 326255 and 575.
115
What is the greatest common divisor of 551 and 19923?
29
Calculate the greatest common factor of 8435 and 3133.
241
Calculate the highest common divisor of 189766 and 6214.
478
Calculate the greatest common factor of 2024 and 6796.
4
Calculate the highest common factor of 72371 and 5057.
13
What is the highest common factor of 883614 and 7414?
674
Calculate the greatest common divisor of 320265 and 165.
165
Calculate the highest common divisor of 24 and 17744.
8
What is the highest common factor of 16 and 3117?
1
What is the greatest common divisor of 18155 and 430?
5
What is the greatest common divisor of 4120 and 16?
8
Calculate the highest common factor of 232 and 36152.
8
What is the greatest common divisor of 6279 and 611?
13
What is the highest common divisor of 2419 and 5371?
41
What is the greatest common factor of 6182547 and 1302?
651
Calculate the greatest common divisor of 1515380 and 90.
10
Calculate the highest common factor of 513 and 1643823.
171
What is the highest common divisor of 43432 and 78676?
356
What is the highest common factor of 420 and 6324?
12
Calculate the highest common divisor of 950 and 4418450.
950
Calculate the greatest common divisor of 33 and 13641.
3
What is the highest common factor of 6684 and 60?
12
Calculate the greatest common factor of 667 and 345.
23
Calculate the highest common factor of 44429 and 539.
77
Calculate the greatest common divisor of 1150 and 175.
25
What is the greatest common divisor of 3080 and 5276810?
770
Calculate the greatest common factor of 2093 and 3059.
161
Calculate the greatest common divisor of 40 and 23176.
8
Calculate the greatest common divisor of 243 and 147807.
9
Calculate the greatest common divisor of 396 and 317790.
198
What is the greatest common factor of 671741 and 735?
49
Calculate the highest common divisor of 2442 and 396.
66
Calculate the greatest common divisor of 3879 and 18.
9
Calculate the greatest common divisor of 30825 and 450.
225
What is the greatest common divisor of 59287 and 202?
101
What is the highest common divisor of 259 and 19887?
7
What is the highest common factor of 64 and 40680?
8
Calculate the highest common factor of 1302 and 644.
14
What is the greatest common divisor of 480 and 386?
2
Calculate the highest common divisor of 2032 and 146400.
16
What is the greatest common divisor of 9113 and 1079?
13
What is the highest common factor of 1086 and 566?
2
What is the greatest common factor of 462 and 42812?
154
What is the highest common divisor of 7904 and 138016?
608
Calculate the greatest common factor of 39 and 11965551.
39
What is the highest common divisor of 2472 and 272?
8
What is the highest common divisor of 102 and 1190?
34
Calculate the highest common divisor of 80262 and 364.
182
Calculate the highest common factor of 8321 and 7049.
53
Calculate the highest common factor of 7 and 472.
1
What is the highest common factor of 150892 and 4284?
476
Calculate the greatest common factor of 17388 and 5336.
92
Calculate the highest common factor of 2692876 and 716.
716
Calculate the highest common divisor of 172 and 19952.
172
What is the highest common factor of 72 and 17184?
24
What is the greatest common divisor of 3810 and 191100?
30
What is the highest common divisor of 228100 and 40?
20
Calculate the highest common factor of 7232 and 340356.
452
Calculate the highest common factor of 468 and 14768.
52
What is the greatest common divisor of 279005 and 90?
5
What is the highest common factor of 88705 and 5?
5
Calculate the highest common factor of 50935 and 409985.
835
What is the highest common factor of 188 and 611?
47
Calculate the highest common divisor of 160 and 2065520.
80
What is the greatest common factor of 710610 and 30?
30
Calculate the highest common divisor of 117993 and 555.
111
Calculate the greatest common divisor of 5015 and 25665.
295
What is the greatest common divisor of 4066 and 39254?
38
What is the greatest common factor of 226860 and 140?
20
Calculate the highest common divisor of 351 and 1885.
13
Calculate the highest common factor of 218715 and 15.
15
Calculate the highest common divisor of 34555 and 40.
5
What is the highest common factor of 273 and 131677?
91
Calculate the highest common divisor of 5891 and 251507.
43
Calculate the greatest common divisor of 6735922 and 4638.
1546
What is the highest common divisor of 20 and 74960?
20
Calculate the greatest common factor of 256 and 79216.
16
Calculate the greatest common factor of 22 and 2519.
11
Calculate the highest common factor of 6066 and 2880.
18
What is the highest common factor of 185 and 42365?
185
What is the greatest common divisor of 75384 and 184?
8
What is the highest common factor of 11 and 89353?
11
What is the greatest common divisor of 39246 and 558?
186
Calculate the highest common divisor of 272 and 81440.
16
What is the highest common factor of 605 and 66308?
121
Calculate the greatest common factor of 20801792 and 664.
664
What is the greatest common factor of 237 and 142516?
79
What is the greatest common factor of 316 and 1971208?
316
What is the greatest common factor of 1548575 and 280?
35
Calculate the greatest common divisor of 16419 and 117.
39
What is the highest common divisor of 109148 and 78?
26
Calculate the highest common factor of 157505 and 80.
5
Calculate the greatest common divisor of 6962 and 4.
2
Calculate the greatest common factor of 3801 and 804183.
543
What is the greatest common divisor of 1095 and 6789?
219
What is the highest common divisor of 110396 and 13124?
772
What is the greatest common factor of 2562 and 336049?
427
Calculate the highest common divisor of 13 and 1490489.
13
What is the greatest common divisor of 13540 and 4460?
20
What is the highest common divisor of 34808 and 3648?
152
Calculate the greatest common divisor of